4).
12
Let u(d) = 226294*d + 226281. Calculate u(-1).
-13
Let t(y) = 38*y**2 + 1608*y + 317. Calculate t(-40).
-3203
Let d(b) = 4*b**2 - 1747*b + 36540. Determine d(22).
42
Let d(u) = -u**2 - 81*u + 4543. Give d(-119).
21
Let i(t) = t**3 - 5895*t**2 - 411506*t + 698. Determine i(-69).
8
Let z(q) = 5*q**2 - 68*q + 293. Determine z(9).
86
Let j(t) = -t**3 + 61*t**2 + 36114*t - 2170445. Give j(60).
-5
Let v(a) = -673*a**2 + 49128*a + 52. Calculate v(73).
-21
Let w(s) = -807*s + 21899. Calculate w(27).
110
Let s(n) = -46997*n + 8506453. What is s(181)?
-4
Let y(g) = 2*g**2 + 840*g + 74815. Give y(-293).
393
Let m(d) = d**3 - 36*d**2 + 2154*d - 74171. What is m(35)?
-6
Let a(l) = 1120*l + 5309. Give a(-5).
-291
Let n(h) = 2*h**3 - 64*h**2 + 448*h + 1098. Determine n(17).
44
Let g(b) = -2*b**3 + 786*b**2 + 2528*b + 456. Give g(-3).
0
Let t(s) = 3*s**3 + 17*s**2 + 49*s - 71. Determine t(-9).
-1322
Let x(u) = -u**2 + 44929*u - 2647359. Calculate x(59).
-29
Let c(a) = -354*a - 44874. Calculate c(-127).
84
Let b(y) = y**3 - 16*y**2 + 12*y - 472. Calculate b(19).
839
Let m(d) = -6134*d**2 - 742212*d + 246. What is m(-121)?
4
Let h(m) = -31*m + 6261. Give h(188).
433
Let q(m) = 122*m**2 + 1036*m - 2. What is q(-10)?
1838
Let u(s) = -s**2 + 84*s + 1906. Determine u(-17).
189
Let p(v) = -10320*v + 10457. Determine p(1).
137
Let p(i) = 5*i**2 + 782*i + 26087. Give p(-107).
-342
Let h(p) = -p**3 - 56*p**2 + 308*p - 3979. Determine h(-62).
-11
Let n(r) = 3513*r - 67034. Determine n(19).
-287
Let s(n) = 58*n - 358. What is s(19)?
744
Let x(l) = 221*l + 5326. Determine x(-24).
22
Let t(r) = -6*r**3 + 1976*r**2 - 646*r - 3991. Calculate t(329).
-43
Let d(u) = -2*u**2 + 2542*u - 98458. Determine d(40).
22
Let q(t) = 69*t**2 + 2467*t - 459. Give q(-36).
153
Let q(a) = 64*a**2 + 30*a + 190. What is q(-5)?
1640
Let v(b) = b**2 - 18814*b - 2978451. Give v(-157).
-4
Let t(x) = x**3 + 24*x**2 + 106*x - 429. Calculate t(-13).
52
Let g(w) = -2*w**3 + 214*w**2 + 191*w + 2864. Determine g(108).
164
Let c(b) = 469*b - 4883. Give c(11).
276
Let w(t) = -123*t - 13580. Calculate w(-110).
-50
Let a(p) = 1774*p + 168542. Calculate a(-95).
12
Let m(w) = -w**2 - 466614*w + 3266367. Determine m(7).
20
Let r(j) = 375515*j - 11265446. Calculate r(30).
4
Let f(w) = 41*w + 1826. Give f(-38).
268
Let a(y) = 18*y**3 - 2000*y**2 + 205*y + 1889. Give a(111).
2
Let x(c) = -40377*c + 121131. Calculate x(3).
0
Let b(g) = 13*g**2 + 3868*g + 6014. Give b(-296).
94
Let f(m) = 5841*m + 1063053. Determine f(-182).
-9
Let l(i) = 28*i**3 + 8*i**2 - 15*i - 39. Give l(3).
744
Let r(q) = 40985*q + 901675. Give r(-22).
5
Let a(m) = -28270*m + 226070. Give a(8).
-90
Let m(a) = -a**2 + 214*a - 10330. What is m(75)?
95
Let b(c) = -10*c**2 - 74*c - 479. Determine b(-5).
-359
Let w(a) = -3895*a + 2025428. Calculate w(520).
28
Let u(y) = -2655*y - 5098. Give u(-2).
212
Let n(u) = -14581*u - 1618583. Give n(-111).
-92
Let h(x) = -x**2 + 684*x - 40108. Determine h(64).
-428
Let b(t) = -2*t**2 + 606*t - 37512. What is b(216)?
72
Let y(n) = 6286*n + 1433203. Give y(-228).
-5
Let z(h) = h**3 + 17*h**2 - 40731*h - 651949. Determine z(-16).
3
Let v(h) = 1205*h + 94136. Determine v(-81).
-3469
Let w(i) = i**3 - 440*i**2 + 4892*i + 104438. Give w(428).
6
Let l(u) = 588*u + 322814. Determine l(-549).
2
Let d(b) = b**2 - 3097*b + 258943. What is d(86)?
-3
Let g(h) = -h**3 + 9*h**2 - 13*h - 13. Give g(9).
-130
Let r(p) = 28688*p + 10987492. Determine r(-383).
-12
Let g(t) = -1793*t + 26691. Calculate g(15).
-204
Let r(b) = -1336*b - 12264. Calculate r(-4).
-6920
Let c(a) = 2133*a + 46891. Calculate c(-22).
-35
Let b(y) = -y**3 - 21*y**2 + 68*y + 397. Determine b(-22).
-615
Let s(b) = -b**2 + 2350*b + 54732. Give s(-23).
153
Let n(u) = u**3 - 213*u**2 + 5936*u + 112. What is n(33)?
-20
Let n(t) = 2*t**3 + 26*t**2 + 163*t + 491. Calculate n(-6).
17
Let g(l) = -l**3 - 48*l**2 + 1052*l + 35. Determine g(17).
-866
Let j(x) = x**3 - 48*x**2 + 143*x + 785. Give j(45).
1145
Let l(u) = 2*u**2 - 3944*u + 101183. Give l(26).
-9
Let d(l) = -6*l**3 - 440*l + 921. What is d(2)?
-7
Let u(v) = 96*v - 27727. Give u(291).
209
Let r(w) = -9769*w + 508038. What is r(52)?
50
Let j(s) = 2670*s + 6345. What is j(-1)?
3675
Let c(d) = -77*d**2 - 5923*d - 99. Give c(-77).
-561
Let x(l) = 116*l**2 + 20091*l + 3979. Give x(-173).
0
Let y(c) = -46*c**2 + 1084*c - 2172. Calculate y(2).
-188
Let p(q) = q**3 - 191*q**2 + 6463*q + 725. Calculate p(147).
-10
Let j(b) = 3916*b - 1957989. Calculate j(500).
11
Let h(f) = f**2 + 625*f - 9598. Calculate h(15).
2
Let l(r) = 284*r**2 + 129*r + 115. Determine l(-1).
270
Let c(u) = u**2 + 16939*u + 270632. What is c(-16)?
-136
Let t(m) = m**3 - 214*m**2 - 5180*m - 2837. Give t(236).
-5
Let v(f) = 4319*f - 1047. Determine v(0).
-1047
Let h(t) = 200*t + 12260. Calculate h(-62).
-140
Let z(r) = 145*r - 9948. Give z(69).
57
Let q(h) = 36*h**2 + 192*h + 253. Determine q(-3).
1
Let d(f) = 1978*f - 298657. Calculate d(151).
21
Let s(v) = -v**3 - 1490*v**2 - 38065*v - 55. What is s(-26)?
-29
Let u(l) = -l**2 - 1188623*l - 2377239. Determine u(-2).
3
Let q(g) = 62*g**2 + 9584*g + 19161. Determine q(-2).
241
Let s(d) = -3*d**2 - 727*d - 2854. Give s(-4).
6
Let a(o) = o**2 + 356*o + 32651. What is a(-186)?
1031
Let h(r) = 4*r**2 - 622*r - 545. Determine h(155).
-855
Let r(z) = -75*z**3 - 3379*z**2 - 179*z + 76. Calculate r(-45).
31
Let d(y) = 1097160*y + 12068758. Give d(-11).
-2
Let w(t) = -234*t + 69734. Calculate w(298).
2
Let z(v) = -2161*v - 17290. Give z(-8).
-2
Let y(z) = z**2 + 69*z - 225. What is y(-105)?
3555
Let f(m) = -m**3 - 56*m**2 + 1508*m + 165. Give f(-76).
1077
Let i(k) = -33504*k - 234690. Give i(-7).
-162
Let q(m) = 2*m**3 - 19*m**2 - 4441*m + 26917. Calculate q(6).
19
Let s(c) = 1052*c + 837. Give s(-1).
-215
Let l(g) = 39*g + 496. Calculate l(9).
847
Let q(b) = b**3 + 18*b**2 + 86*b + 1394. Give q(-17).
221
Let d(x) = -5*x**3 + 425*x**2 + 13*x - 639. Give d(85).
466
Let m(j) = 17*j**2 + 1209*j - 3677. Calculate m(3).
103
Let d(g) = -4*g**2 - 2825*g + 22848. Calculate d(8).
-8
Let o(d) = -70469*d - 11979741. Determine o(-170).
-11
Let i(d) = -1466099*d - 23457590. Determine i(-16).
-6
Let l(f) = 3*f**2 - 1120*f - 90045. Calculate l(-68).
-13
Let y(n) = n**2 - 4339*n - 259472. Determine y(-59).
10
Let c(t) = 4217*t + 367. Give c(1).
4584
Let m(a) = -a**3 + 14*a**2 - 2*a + 231. What is m(0)?
231
Let y(k) = -748*k + 29898. Give y(40).
-22
Let r(z) = -z**3 + 35*z**2 - 103*z + 1420. Calculate r(33).
199
Let v(c) = 2*c**3 + 555*c**2 + 293*c + 4323. Determine v(-277).
-109
Let g(x) = -4257*x + 46972. Give g(11).
145
Let b(c) = -3620*c + 4665. Calculate b(2).
-2575
Let o(q) = -4*q**3 + 6*q**2 - 377*q + 2738. Determine o(7).
-979
Let h(l) = -l**3 - 144*l**2 - 2983*l - 884. Give h(-119).
68
Let y(o) = -271*o**3 + 3*o**2 + 93*o - 179. Calculate y(2).
-2149
Let b(u) = -3049*u + 539668. Determine b(177).
-5
Let x(q) = q**2 - 178*q - 2207. Give x(-14).
481
Let d(q) = q**3 - 42*q**2 - 867*q + 54. Give d(-15).
234
Let b(a) = -a**2 - 447*a + 21181. What is b(43)?
111
Let o(a) = 409*a - 1204. Calculate o(3).
23
Let g(d) = -45*d**2 - 160*d - 3. What is g(0)?
-3
Let d(f) = -27*f + 1154. Determine d(16).
722
Let g(c) = 3*c**3 - 29*c**2 + 3012*c - 30227. What is g(10)?
-7
Let b(y) = 1151*y + 13664. Calculate b(-12).
-148
Let t(r) = 5*r**3 + 458*r**2 - 183*r - 391. Give t(-92).
-483
Let l(b) = -35*b**2 - 4650*b + 516. What is l(-133)?
-149
Let h(y) = 7*y**2 + 37173*y - 260575. Determine h(7).
-21
Let v(k) = -2*k**3 + 2033*k + 4060. What is v(-2)?
10
Let y(p) = 10655*p - 74509. Determine y(7).
76
Let x(v) = v**2 - 210*v + 10604. Determine x(128).
108
Let j(w) = 66581*w - 10985860. What is j(165)?
5
Let v(h) = -h**2 - 3940*h + 264389. Determine v(66).
-7
Let i(t) = -4481*t + 44815. Give i(10).
5
Let h(s) = 470*s + 15424. What is h(-31)?
854
Let j(p) = -p**3 - 914*p**2 + 2749*p + 11. Calculate j(3).
5
Let r(a) = 4*a**3 - 2551*a**2 + 1971*a - 38236. What is r(637)?
-16
Let q(t) = -62237*t - 186634. Give q(-3).
77
Let x(h) = 38*h**3 - 40*h**2 + 11*h + 4. Calculate x(-2).
-482
Let o(s) = 1484*s + 6722. Calculate o(-5).
-698
Let o(n) = -818*n - 25647. Give o(-31).
-289
Let q(j) = -3*j**3 + 34*j**2 + 767*j - 7489. Calculate q(9).